hen (i + 0)/(1/7) is divided by l(-3).
3
Let k be -4*(0 + 2)/4. Let l = k - 12. Let f = l - -23. What is the remainder when f is divided by 5?
4
Suppose 12*h - 27 = 3*h. What is the remainder when 12 is divided by h?
0
Let u(r) = -r**2 - 10*r - 5. Let q be u(-3). Let h = -5 + q. Suppose -3*n = -77 - 49. Calculate the remainder when n is divided by h.
9
Let b = 21 - -6. Calculate the remainder when b is divided by -14 + 24 - (-2 + 2).
7
Suppose 2*n - n = -1. Let f be 2 - n - (1 - -13). Let l = -4 - f. What is the remainder when 19 is divided by l?
5
Suppose -14 = 4*p - 6*p. Calculate the remainder when (18/8)/(4/48) is divided by p.
6
Let j(v) be the first derivative of -2*v**4 - 2*v**3/3 - v**2/2 - 2. Let n be j(-1). Suppose 118 - n = 3*t. Calculate the remainder when t is divided by 13.
11
Suppose -4*g + 55 = 4*z - 57, 3*g + 2*z - 88 = 0. Calculate the remainder when g is divided by 9.
5
Let v = 47 - -18. What is the remainder when v is divided by 11?
10
What is the remainder when 15 is divided by (-180)/(-42) + (-4)/14?
3
Let p be ((-22)/8)/((-2)/8). Suppose 0 = 5*m - p - 19. What is the remainder when 15 is divided by m?
3
Suppose 0 = -4*y + 2*j + 2, j = -3*y - y + 17. What is the remainder when (-1 - -4) + y - -1 is divided by 2?
1
Calculate the remainder when -2*20*(-12)/8 is divided by 16.
12
Suppose 5*v - 112 = v. Suppose 0*g - 28 = -2*g. Let d = 24 - g. What is the remainder when v is divided by d?
8
Suppose 2*z + 64 = 6*z - 4*w, 4*z - 24 = -4*w. What is the remainder when 21 is divided by z?
10
Suppose r = l + 6, r + 6*l - l = -12. Suppose d = -4*d. Suppose -u + d*u + 12 = 4*a, -u - a = -6. What is the remainder when u is divided by r?
1
Let s be ((-12)/5)/((-1)/5). Suppose 5*n = n + s. Suppose -2*v - 4 = -4*f - 0, -2*v = -2*f - 6. What is the remainder when v is divided by n?
2
Let l = 2 - 8. Calculate the remainder when (-3 + 0)*(-246)/18 is divided by l*((-1)/3 + -2).
13
Let f be -1 - 2/(-2)*9. What is the remainder when 2/f*-14*-12 is divided by 15?
12
Let k be (5/3)/(3/(-9)). Calculate the remainder when 23 is divided by (2/(-2))/(k/30).
5
Calculate the remainder when -1 - (-2)/3*42 is divided by 14.
13
Let l = -17 - -54. Suppose -23 - 48 = -3*a + 4*o, 0 = a - 4*o - l. Calculate the remainder when a is divided by 5.
2
Suppose -3*p - 5*m + 23 = 0, 4*p - 75 = m - 6. Calculate the remainder when 28 is divided by p.
12
What is the remainder when 89 is divided by -3*(-3 + 14/(-3))?
20
Suppose 4*g - 10 = 2*m, 5*g + 3*m - 5 = 2. Calculate the remainder when 2 is divided by g.
0
Let v(l) = -l**3 + 6*l**2 + 4*l + 1. Let o = -4 - -18. Calculate the remainder when v(6) is divided by o.
11
Let p(w) = 3*w**2 + w**3 + 8*w**2 + 4*w**2 + 0 + 11*w - 4. What is the remainder when p(-14) is divided by 10?
8
Let v = 4 - -10. Calculate the remainder when v is divided by 6.
2
Suppose 0*q - 4*q + 8 = 0. Let s(x) = -3*x**2 - 16*x - 3. Let y be s(-5). Suppose q*j = y + 32. Calculate the remainder when j is divided by 6.
5
Let r(c) = -c**3 + 3*c**2 - 2*c. Let t be r(2). Let q be (0 + t)/(1 - -1). Suppose q = -9*d + 4*d + 90. What is the remainder when 35 is divided by d?
17
Let q(y) = y + 13. Suppose 5*s = 5, f - 3*f - 5*s = -41. Calculate the remainder when f is divided by q(-6).
4
Let f = -20 - -30. Calculate the remainder when 48 is divided by f.
8
Let s be (-186)/(-14) - (-4)/(-14). Suppose 11*v - s*v + 32 = 0. Suppose 0 = -2*y + 19 - 1. Calculate the remainder when v is divided by y.
7
Let w = 42 + -30. Let f be w/3 - (1 + 0). Suppose f*p - 3 = 3. What is the remainder when 7 is divided by p?
1
Let s = 21 + 4. Calculate the remainder when 97 is divided by s.
22
Suppose 2*k + 5*q = -25, 8*k - 3*k - 2*q = -77. Let m = k - -47. Let g(c) = c**3 + 7*c**2 + 8*c + 7. Calculate the remainder when m is divided by g(-5).
15
Let m = -9 + 17. Suppose -l + 3 + m = 0. Let n(t) = t**3 + t**2 + 6. Calculate the remainder when l is divided by n(0).
5
Let u = 122 + -85. Calculate the remainder when u is divided by 19.
18
Let o(n) = -65*n + 4. What is the remainder when o(-2) is divided by 34?
32
Let t(n) = -n**2 - 2*n + 4. Let v(u) = u**3 + 5*u**2 - 5*u + 3. Let q be v(-6). Let l be t(q). Let i = 6 - l. Calculate the remainder when i is divided by 3.
2
Suppose 5*y + 41 = 16. Let d be 12/30 - 398/y. Suppose -i - 2*h + d = 4*i, i = -5*h + 39. What is the remainder when i is divided by 4?
2
Suppose 0 = 4*u - 5*v + v - 48, -2*v = 0. What is the remainder when 81 is divided by u?
9
Let m = -67 - -108. What is the remainder when m is divided by 11?
8
Suppose -7 - 5 = -x. Suppose 4*v - a = -6*a + 165, 4*a + 155 = 5*v. Calculate the remainder when v is divided by x.
11
Let c(m) = -m**2 + 7*m - 3. Let w be c(7). Let n be (-3)/(w/4*1). Calculate the remainder when 4 is divided by (-2)/(-4)*(n + 0).
0
Suppose 2*h - 115 = -3*h. Suppose -4*p - f = -3*f - 108, -4*p = 4*f - 108. Let r = p - 15. What is the remainder when h is divided by r?
11
Suppose -522 = -3*z - 3*z. What is the remainder when z is divided by 18?
15
Let f = 33 + -22. What is the remainder when 21 is divided by f?
10
Let s = -1 - -5. Calculate the remainder when 2 is divided by (-4*(3 - s))/2.
0
Let c(q) = 2*q**2 + 3*q - 2. Suppose 0*p = p + 3. Calculate the remainder when c(p) is divided by 3.
1
Let z(c) = 3*c + 8. Suppose 11*a = 6*a + 130. What is the remainder when a is divided by z(2)?
12
Suppose -4*b - 1 = -3*r + 9, -2*r = -4*b - 4. Suppose 0 = -m + r*l - 3*l + 31, 11 = m + l. What is the remainder when 46 is divided by m?
14
Let z = 104 - 36. What is the remainder when z is divided by 24?
20
Suppose -2*t = 6 - 24. What is the remainder when 41 is divided by t?
5
Let u = 6 - -4. Let w = 28 + -14. Let p = w - u. Calculate the remainder when 6 is divided by p.
2
Let f = 52 - 37. Calculate the remainder when f is divided by 4.
3
Suppose u + o = 15, -19 = 2*u + 3*o - 54. Let r = 23 + -19. What is the remainder when u is divided by r?
2
Let g be (-19)/(-7) - 22/(-77). Calculate the remainder when -4 - 1*-5*g is divided by 4.
3
Suppose -2*u - 46 = -4*m, -2*m + 3*u + 23 = -2. What is the remainder when 42 is divided by m?
9
Let u = 16 - -1. Calculate the remainder when 46 + 1/(3/9) is divided by u.
15
Suppose 3*z = 4*r + 550, -5*r = -2*r - 6. Calculate the remainder when z is divided by 47.
45
Suppose -3*g + 26 = -10. Let s be (-1)/(2/(-18) - 0). Suppose 3*b = 114 - s. What is the remainder when b is divided by g?
11
Suppose m = b - 2*b + 8, 7 = 2*m + 5*b. What is the remainder when m is divided by 4?
3
Suppose 2*n + 1 = 5. Let i = 3 + 2. What is the remainder when i is divided by n?
1
Suppose 0 = 6*o - 11*o + 10. Calculate the remainder when o is divided by 2.
0
Let l(t) = -t**2 - t + 58. Let a(r) = r**2 - r. Suppose 4*d - 5*b = 20, -2*d - 5*b + 0 = -10. Calculate the remainder when l(0) is divided by a(d).
18
Let o(y) = y**2 - 3*y + 2. Calculate the remainder when 37 is divided by o(6).
17
Suppose -3*t - 3*t = -192. Calculate the remainder when 60 is divided by t.
28
Suppose -10 = -4*h + 38. Suppose -h = -f - 5. Suppose 0 = c - 8 - 4. What is the remainder when c is divided by f?
5
Let m be 2 - (-4)/((-16)/20). Let u = 9 + m. What is the remainder when u is divided by -1 - -1 - -4 - 0?
2
Let a = -55 - -81. Let i = 69 + 34. What is the remainder when i is divided by a?
25
Let l(d) = -d - 6. Let z be l(-6). Suppose q + 1 - 4 = z. Calculate the remainder when 5 is divided by q.
2
Let i = 9 + -9. Let d(o) = -o**2 + o + 8. Calculate the remainder when 31 is divided by d(i).
7
Let l(a) = -a**2 - 9*a + 8. Let u be l(-8). Suppose -u = -f + 9. What is the remainder when f is divided by 13?
12
Suppose 10 = u - 14. Let k(s) = 2*s**2 - 7*s + 145. Let v(z) = z**2 - 3*z + 72. Let t(d) = -2*k(d) + 5*v(d). What is the remainder when t(0) is divided by u?
22
Calculate the remainder when 47 is divided by (-27)/12*(-80)/15.
11
Let l be -1 - (-2 - (0 - 0)). Calculate the remainder when 29 is divided by l/(-2) + (-102)/(-12).
5
Let z be (4/5)/((-4)/(-10)). Suppose 2*x + l = -3*x + 44, -x = -z*l. What is the remainder when 15 is divided by x?
7
Let i = 93 - 61. Calculate the remainder when 158 is divided by i.
30
Let g(o) be the second derivative of o**5/20 + 5*o**4/12 - 2*o**3/3 - 3*o**2/2 + o. Suppose -3*j - 4*j = -224. What is t